Does 23 divide 11808568?
True
Is 9 a factor of 2699558?
False
Is 3082 a factor of 157991306?
False
Is 21 a factor of 18893169?
False
Does 71 divide 3183711?
True
Is 1141943990 a multiple of 11?
True
Does 112 divide 433819662?
False
Does 400 divide 26569190?
False
Is 65626256 a multiple of 248?
True
Is 174383462 a multiple of 11?
True
Does 1505 divide 50969835?
True
Is 7113483 a multiple of 84?
False
Does 262 divide 35854093?
False
Does 17 divide 610386972?
True
Is 25 a factor of 2248975?
True
Is 49 a factor of 340436240?
False
Is 667124074 a multiple of 297?
False
Is 119 a factor of 12206642?
False
Does 1340 divide 1310033161?
False
Is 89 a factor of 108208247?
True
Is 45523690 a multiple of 724?
False
Is 1217177424 a multiple of 141?
True
Does 874 divide 96096638?
False
Does 4203 divide 234358469?
False
Is 500254075 a multiple of 367?
False
Is 27 a factor of 191993616?
False
Is 288973841 a multiple of 57?
False
Is 3474727 a multiple of 162?
False
Does 103 divide 211951649?
True
Is 14198944 a multiple of 3892?
False
Is 43046846 a multiple of 64?
False
Is 2055 a factor of 59656970?
False
Is 8 a factor of 28526212?
False
Is 558349143 a multiple of 2254?
False
Is 49812379 a multiple of 31?
False
Does 650 divide 20542918?
False
Does 255 divide 8462785?
False
Is 16654104 a multiple of 1878?
True
Is 132654790 a multiple of 208?
False
Does 18 divide 4113972?
True
Is 9287124 a multiple of 437?
True
Is 742888216 a multiple of 1582?
True
Is 73355650 a multiple of 1237?
False
Is 387928157 a multiple of 79?
True
Does 2231 divide 321141295?
True
Does 7 divide 875463414?
True
Is 60 a factor of 806825264?
False
Is 129880620 a multiple of 410?
True
Does 684 divide 1765280196?
True
Is 55 a factor of 429509475?
False
Does 1423 divide 1867589313?
True
Is 41 a factor of 1627940670?
True
Is 2 a factor of 2530849?
False
Does 31 divide 31401559?
False
Does 1337 divide 564377796?
False
Is 7086596275 a multiple of 26?
False
Is 492495894 a multiple of 1089?
True
Is 633965430 a multiple of 11?
False
Is 71333709 a multiple of 2453?
False
Is 8 a factor of 5970499?
False
Does 112 divide 37926336?
True
Is 670737050 a multiple of 950?
True
Is 182659195 a multiple of 655?
True
Is 16895133 a multiple of 1435?
False
Is 32208154 a multiple of 5?
False
Is 103 a factor of 65101699?
False
Does 3 divide 686700?
True
Does 14 divide 34909775?
False
Is 10 a factor of 18723710?
True
Does 43 divide 87781256?
False
Does 6464 divide 1814341376?
True
Is 21 a factor of 379359064?
False
Does 24 divide 145628640?
True
Is 136 a factor of 944208968?
True
Is 11 a factor of 38671523?
True
Is 4174 a factor of 451558456?
False
Is 656 a factor of 5240784?
True
Is 3333240352 a multiple of 871?
True
Is 12864259 a multiple of 3?
False
Is 1741 a factor of 238514773?
False
Is 11440431 a multiple of 51?
False
Is 18 a factor of 7904137?
False
Does 113 divide 125382427?
True
Is 9888347 a multiple of 1847?
False
Is 9 a factor of 210227891?
False
Does 337 divide 32249889?
True
Is 384 a factor of 15388032?
True
Is 280168692 a multiple of 282?
True
Is 7 a factor of 17842853?
True
Is 9012505 a multiple of 9?
False
Does 11 divide 104454204?
False
Is 746 a factor of 65313046?
True
Is 3 a factor of 97021314?
True
Is 3009865176 a multiple of 4586?
True
Is 42474375 a multiple of 45?
True
Does 6 divide 55349076?
True
Is 20025502 even?
True
Is 2353 a factor of 1488992518?
True
Is 23229921 a multiple of 173?
True
Is 17 a factor of 10382854?
False
Does 209 divide 8097487?
False
Is 923 a factor of 31104177?
True
Does 1801 divide 340979728?
True
Does 5858 divide 5516123072?
False
Is 280394581 a multiple of 3238?
False
Is 536882409 a multiple of 1179?
True
Is 104 a factor of 701348960?
True
Does 295 divide 59243965?
True
Does 94 divide 43479182?
False
Does 8 divide 35542712?
True
Is 390 a factor of 27696240?
True
Is 1849 a factor of 100535677?
True
Is 9579320 a multiple of 142?
True
Does 2 divide 4931672?
True
Is 557 a factor of 329497362?
False
Is 33861243 a multiple of 14?
False
Is 4400760 a multiple of 310?
True
Does 176 divide 84499888?
True
Does 231 divide 2060344440?
True
Does 209 divide 1649458052?
False
Does 11 divide 85053511?
False
Does 9 divide 198259648?
False
Does 10 divide 9584110?
True
Is 176 a factor of 1454980311?
False
Is 2537505 a multiple of 527?
True
Is 13866611 a multiple of 64?
False
Does 528 divide 113656752?
True
Is 47 a factor of 42198292?
True
Does 58 divide 176932052?
False
Is 84586608 a multiple of 44?
False
Does 6 divide 347032884?
True
Does 234 divide 149468202?
True
Is 320014000 a multiple of 125?
True
Is 25 a factor of 400159700?
True
Is 2265 a factor of 271759230?
True
Is 486297 a multiple of 27?
True
Is 90 a factor of 2467988?
False
Does 7 divide 3105414723?
False
Does 1810 divide 44259930?
True
Is 2206175 a multiple of 8?
False
Does 231 divide 606884209?
False
Does 35 divide 524754965?
True
Is 120 a factor of 4426398?
False
Is 35 a factor of 80166631?
False
Is 25 a factor of 11238290?
False
Is 189 a factor of 58877430?
False
Is 9752445 a multiple of 9?
True
Is 26571640 a multiple of 483?
False
Is 778084439 a multiple of 2011?
False
Is 15431316 a multiple of 40?
False
Is 44 a factor of 1956812?
True
Is 993 a factor of 45398967?
True
Does 855 divide 1033268355?
True
Is 53 a factor of 412696039?
False
Does 384 divide 98324652?
False
Does 10 divide 7078021?
False
Is 20 a factor of 22807544?
False
Does 3 divide 10214415?
True
Does 64 divide 224312640?
True
Does 15 divide 4466126001?
False
Is 654055982 a multiple of 491?
False
Does 19 divide 215352430?
False
Does 237 divide 9618882?
True
Is 9418377 a multiple of 4920?
False
Is 1830 a factor of 366982710?
True
Is 17762139 a multiple of 11?
False
Is 382 a factor of 3671711802?
True
Is 258409388 a multiple of 44?
False
Is 18368429 a multiple of 1654?
False
Is 44750358 a multiple of 537?
True
Is 3843690 a multiple of 214?
False
Is 545 a factor of 40720765?
True
Does 830 divide 44988067?
False
Is 29061975 a multiple of 16?
False
Is 5684311192 a multiple of 30?
False
Does 263 divide 126780201?
False
Is 181 a factor of 5999636322?
True
Is 960 a factor of 81538197?
False
Is 3 a factor of 3178083?
True
Is 281112687 a multiple of 123?
True
Is 100801287 a multiple of 9?
True
Is 40742189 a multiple of 92?
False
Is 22231538 a multiple of 29?
False
Does 1349 divide 3372374543?
True
Does 1318 divide 3166920784?
False
Is 196058907 a multiple of 11?
True
Is 4162157613 a multiple of 22?
False
Is 522 a factor of 36204137?
False
Is 469865275 a multiple of 1433?
False
Is 13 a factor of 23990400?
False
Is 57580302 a multiple of 300?
False
Is 251 a factor of 354183232?
False
Is 16 a factor of 370072224?
True
Does 150 divide 67429650?
True
Is 743 a factor of 817811184?
True
Does 508 divide 4900168?
True
Is 40 a factor of 85538640?
True
Is 96868134 a multiple of 99?
True
Is 105 a factor of 750583192?
False
Is 577710444 a multiple of 383?
False
Does 867 divide 78322179?
True
Is 778470368 a multiple of 1391?
True
Does 7 divide 48750824?
False
Is 673 a factor of 43496848?
False
Is 9918817 a multiple of 223?
True
Is 24 a factor of 43254912?
True
Is 3040582780 a multiple of 4435?
True
Is 246001265 a multiple of 5?
True
Does 1443 divide 47890284?
True
Is 6881262 a multiple of 75?
False
Is 175777965 a multiple of 45?
True
Is 4032400 a multiple of 200?
True
Does 2 divide 90008467?
False
Is 2697 a factor of 67656942?
True
Is 269620 a multiple of 305?
True
Does 134 divide 110035111?
False
Is 8 a factor of 62512856?
True
Does 58 divide 207629734?
True
Does 766 divide 154516754?
True
Is 12 a factor of 6637584?
True
Is 3238182912 a multiple of 768?
True
Does 1209 divide 56703309?
True
Is 866 a factor of 2638333950?
True
Does 10 divide 510163947?
False
Does 661 divide 735250761?
False
Is 28604353 a multiple of 787?
False
Is 5 a factor of 13686565?
True
Is 18 a factor of 125338998?
False
Is 13 a factor of 31458264?
False
Does 14 divide 29944866?
True
Does 138 divide 2444144125?
False
Is 864 a factor of 2734992864?
True
Is 226963514 a multiple of 1095?
False
Does 5 divide 6399177?
False
Is 1304292 a multiple of 246?
True
Is 37913538 a multiple of 4986?
False
Is 40613330 a multiple of 4268?
False
Is 13 a factor of 98580271?
False
Is 144 a factor of 171176985?
False
Is 394982749 a m